ors of 34568489?
199, 271, 641
What are the prime factors of 4813450872?
2, 3, 83, 2416391
List the prime factors of 92706989.
571, 162359
What are the prime factors of 152150930?
2, 5, 15215093
What are the prime factors of 46482031?
46482031
List the prime factors of 47590244.
2, 13, 915197
List the prime factors of 55662466.
2, 157, 177269
What are the prime factors of 155757331?
617, 252443
List the prime factors of 110987863.
7, 2467, 6427
List the prime factors of 996062711.
7, 6949, 20477
List the prime factors of 1112652175.
5, 44506087
List the prime factors of 134044238.
2, 67022119
List the prime factors of 85858333.
11, 23, 30851
What are the prime factors of 273704274?
2, 3, 41, 370873
List the prime factors of 422787975.
3, 5, 5637173
List the prime factors of 129003973.
7, 17, 1084067
What are the prime factors of 45749084?
2, 191, 233, 257
What are the prime factors of 6414574850?
2, 5, 79, 1623943
List the prime factors of 2081040249.
3, 7001, 99083
List the prime factors of 28546277.
37, 53, 14557
List the prime factors of 193374665.
5, 11, 3515903
List the prime factors of 2898308853.
3, 11, 73, 401039
List the prime factors of 92719744.
2, 13, 55721
List the prime factors of 205534203.
3, 7, 9787343
What are the prime factors of 272458919?
272458919
What are the prime factors of 414218865?
3, 5, 27614591
List the prime factors of 139888306.
2, 31, 53, 42571
What are the prime factors of 2057516503?
7, 43, 139, 49177
List the prime factors of 27618293.
167, 165379
What are the prime factors of 1465862556?
2, 3, 122155213
What are the prime factors of 14183092?
2, 7, 11, 46049
List the prime factors of 48032112.
2, 3, 1000669
List the prime factors of 48443390.
2, 5, 31, 156269
List the prime factors of 11241854.
2, 13, 73, 5923
What are the prime factors of 4723832930?
2, 5, 12907, 36599
What are the prime factors of 3731652054?
2, 3, 13, 15947231
List the prime factors of 59892204.
2, 3, 1913, 2609
What are the prime factors of 2361922367?
7, 337417481
What are the prime factors of 2172179908?
2, 4027, 134851
List the prime factors of 691493189.
691493189
What are the prime factors of 3254167095?
3, 5, 216944473
List the prime factors of 166504983.
3, 67, 828383
What are the prime factors of 3049088032?
2, 43, 1367, 1621
What are the prime factors of 1206009549?
3, 241, 556021
What are the prime factors of 13205570?
2, 5, 7, 19, 9929
List the prime factors of 52237792.
2, 1632431
What are the prime factors of 2265436888?
2, 11, 13, 23, 37, 179
List the prime factors of 363583275.
3, 5, 11, 37, 43, 277
List the prime factors of 295522559.
295522559
What are the prime factors of 206488609?
211, 978619
List the prime factors of 244660270.
2, 5, 24466027
List the prime factors of 42289607.
59, 257, 2789
List the prime factors of 123819649.
23, 37, 83, 1753
List the prime factors of 29038098.
2, 3, 23, 210421
What are the prime factors of 75747998?
2, 37873999
List the prime factors of 316080608.
2, 1619, 6101
What are the prime factors of 463093499?
11, 347929
What are the prime factors of 535831809?
3, 5981, 29863
List the prime factors of 938159745.
3, 5, 41, 1069, 1427
What are the prime factors of 92497262?
2, 11, 13, 37, 8741
List the prime factors of 28366462.
2, 277, 51203
List the prime factors of 55705464.
2, 3, 17, 71, 641
List the prime factors of 787972946.
2, 393986473
What are the prime factors of 1837015506?
2, 3, 103, 661, 1499
What are the prime factors of 146852218?
2, 137, 535957
List the prime factors of 337308886.
2, 41, 691, 5953
List the prime factors of 466663843.
10993, 42451
What are the prime factors of 2893083539?
37, 61, 1281827
List the prime factors of 13058400.
2, 3, 5, 5441
What are the prime factors of 360588923?
487, 740429
List the prime factors of 1807682293.
89, 479, 42403
What are the prime factors of 196417124?
2, 101, 486181
What are the prime factors of 721407301?
721407301
List the prime factors of 1131687348.
2, 3, 11, 17, 19, 127
What are the prime factors of 2329707974?
2, 11, 61, 1735997
List the prime factors of 70496519.
53, 79, 113, 149
List the prime factors of 172560852.
2, 3, 317, 15121
List the prime factors of 3989206873.
3989206873
What are the prime factors of 73970126?
2, 29, 1031, 1237
List the prime factors of 128949350.
2, 5, 2578987
List the prime factors of 14554615.
5, 89, 32707
List the prime factors of 1048101492.
2, 3, 87341791
List the prime factors of 5736624796.
2, 7, 7331, 27947
What are the prime factors of 663478417?
7, 94782631
List the prime factors of 665168957.
47, 547, 25873
List the prime factors of 4569158349.
3, 7, 751, 32191
What are the prime factors of 477256137?
3, 4919, 32341
What are the prime factors of 1096660205?
5, 37, 5927893
What are the prime factors of 1619921867?
1619921867
What are the prime factors of 215444925?
3, 5, 307, 3119
What are the prime factors of 514795678?
2, 53, 131, 283
List the prime factors of 2277232160.
2, 5, 7, 2033243
What are the prime factors of 272759586?
2, 3, 11, 233, 17737
List the prime factors of 2277118939.
26387, 86297
What are the prime factors of 2111853808?
2, 131990863
List the prime factors of 29197735.
5, 7, 834221
What are the prime factors of 53952522?
2, 3, 13, 47, 14717
What are the prime factors of 10111977?
3, 1123553
What are the prime factors of 17705677?
11, 61, 26387
What are the prime factors of 73776784?
2, 1889, 2441
What are the prime factors of 402013710?
2, 3, 5, 7, 638117
List the prime factors of 180034450.
2, 5, 3600689
List the prime factors of 493582379.
493582379
What are the prime factors of 39570458?
2, 17, 223, 307
What are the prime factors of 618846230?
2, 5, 5477, 11299
What are the prime factors of 42511414?
2, 11, 97, 1811
List the prime factors of 82802992.
2, 5175187
What are the prime factors of 258242604?
2, 3, 19, 1132643
List the prime factors of 42464412.
2, 3, 131063
List the prime factors of 593564153.
7, 13, 6522683
What are the prime factors of 5902733404?
2, 17, 86804903
What are the prime factors of 1455396519?
3, 163, 761, 3911
What are the prime factors of 5360293291?
751, 1867, 3823
What are the prime factors of 86996982?
2, 3, 3527, 4111
List the prime factors of 2029975711.
503, 4035737
What are the prime factors of 33230972?
2, 311, 26713
What are the prime factors of 58373346?
2, 3, 29, 37, 9067
List the prime factors of 74197310.
2, 5, 11, 23, 29327
What are the prime factors of 40580929?
40580929
List the prime factors of 38154689.
38154689
List the prime factors of 91147614.
2, 3, 15191269
What are the prime factors of 119186284?
2, 7, 4256653
List the prime factors of 106255109.
47, 103, 467
List the prime factors of 456767350.
2, 5, 13, 23, 30553
What are the prime factors of 385772726?
2, 192886363
List the prime factors of 1524885066.
2, 3, 84715837
What are the prime factors of 1428672007?
7, 204096001
List the prime factors of 8489342.
2, 137, 30983
List the prime factors of 57850937.
47, 1230871
List the prime factors of 142144551.
3, 563, 1039
List the prime factors of 489904316.
2, 11, 347, 2917
What are the prime factors of 2362577417?
463, 5102759
What are the prime factors of 45077447?
23, 1959889
List the prime factors of 82664877.
3, 19, 29, 43, 1163
What are the prime factors of 307308153?
3, 229, 447319
List the prime factors of 17471135.
5, 11, 31, 10247
List the prime factors of 1863293745.
3, 5, 2243, 55381
What are the prime factors of 1781947227?
3, 14423, 41183
What are the prime factors of 354886601?
29, 12237469
List the prime factors of 20808127.
2111, 9857
List the prime factors of 119124592.
2, 7445287
List the prime factors of 578665329.
3, 11, 17, 1031489
What are the prime factors of 34977565?
5, 7, 999359
What are the prime factors of 20893983?
3, 11, 633151
What are the prime factors of 133738551?
3, 107, 113, 1229
What are the prime factors of 720824533?
11, 13, 5040731
List the prime factors of 1202010855.
3, 5, 1409, 56873
What are the prime factors of 817619636?
2, 37, 113, 48889
What are the prime factors of 43683024?
2, 3, 7, 11, 53, 223
What are the prime factors of 401089798?
2, 41, 4891339
What are the prime factors of 874237073?
37, 157, 150497
List the prime factors of 1085647052.
2, 7, 38773109
W